[INFO] cloning repository https://github.com/RouHim/beammp-server-beiwagen
[INFO] running `Command { std: "git" "-c" "credential.helper=" "-c" "credential.helper=/workspace/cargo-home/bin/git-credential-null" "clone" "--bare" "https://github.com/RouHim/beammp-server-beiwagen" "/workspace/cache/git-repos/https%3A%2F%2Fgithub.com%2FRouHim%2Fbeammp-server-beiwagen", kill_on_drop: false }`
[INFO] [stderr] Cloning into bare repository '/workspace/cache/git-repos/https%3A%2F%2Fgithub.com%2FRouHim%2Fbeammp-server-beiwagen'...
[INFO] running `Command { std: "git" "rev-parse" "HEAD", kill_on_drop: false }`
[INFO] [stdout] ca66d10cd63ea9352f1867eb58994aec635e94f9
[INFO] checking RouHim/beammp-server-beiwagen against master#9610dfe5a9a731ced1ea4923ecbd0c57fe367898 for beta-170-4
[INFO] running `Command { std: "git" "clone" "/workspace/cache/git-repos/https%3A%2F%2Fgithub.com%2FRouHim%2Fbeammp-server-beiwagen" "/workspace/builds/worker-7-tc1/source", kill_on_drop: false }`
[INFO] [stderr] Cloning into '/workspace/builds/worker-7-tc1/source'...
[INFO] [stderr] done.
[INFO] validating manifest of git repo https://github.com/RouHim/beammp-server-beiwagen on toolchain 9610dfe5a9a731ced1ea4923ecbd0c57fe367898
[INFO] running `Command { std: CARGO_HOME="/workspace/cargo-home" RUSTUP_HOME="/workspace/rustup-home" "/workspace/cargo-home/bin/cargo" "+9610dfe5a9a731ced1ea4923ecbd0c57fe367898" "metadata" "--manifest-path" "Cargo.toml" "--no-deps", kill_on_drop: false }`
[INFO] started tweaking git repo https://github.com/RouHim/beammp-server-beiwagen
[INFO] finished tweaking git repo https://github.com/RouHim/beammp-server-beiwagen
[INFO] tweaked toml for git repo https://github.com/RouHim/beammp-server-beiwagen written to /workspace/builds/worker-7-tc1/source/Cargo.toml
[INFO] crate git repo https://github.com/RouHim/beammp-server-beiwagen already has a lockfile, it will not be regenerated
[INFO] running `Command { std: CARGO_HOME="/workspace/cargo-home" RUSTUP_HOME="/workspace/rustup-home" "/workspace/cargo-home/bin/cargo" "+9610dfe5a9a731ced1ea4923ecbd0c57fe367898" "fetch" "--manifest-path" "Cargo.toml", kill_on_drop: false }`
[INFO] [stderr]     Blocking waiting for file lock on package cache
[INFO] [stderr]     Updating crates.io index
[INFO] [stderr]     Blocking waiting for file lock on package cache
[INFO] [stderr]  Downloading crates ...
[INFO] [stderr]   Downloaded zip v0.6.0
[INFO] [stderr]   Downloaded indicatif v0.17.4
[INFO] [stderr]   Downloaded aho-corasick v1.0.0
[INFO] [stderr]   Downloaded assertor v0.0.1
[INFO] [stderr]   Downloaded colour v0.7.0
[INFO] [stderr]   Downloaded openssl-src v111.16.0+1.1.1l
[INFO] running `Command { std: "docker" "create" "-v" "/var/lib/crater-agent-workspace/builds/worker-7-tc1/target:/opt/rustwide/target:rw,Z" "-v" "/var/lib/crater-agent-workspace/builds/worker-7-tc1/source:/opt/rustwide/workdir:ro,Z" "-v" "/var/lib/crater-agent-workspace/cargo-home:/opt/rustwide/cargo-home:ro,Z" "-v" "/var/lib/crater-agent-workspace/rustup-home:/opt/rustwide/rustup-home:ro,Z" "-e" "SOURCE_DIR=/opt/rustwide/workdir" "-e" "CARGO_TARGET_DIR=/opt/rustwide/target" "-e" "CARGO_HOME=/opt/rustwide/cargo-home" "-e" "RUSTUP_HOME=/opt/rustwide/rustup-home" "-w" "/opt/rustwide/workdir" "-m" "1610612736" "--user" "0:0" "--network" "none" "ghcr.io/rust-lang/crates-build-env/linux@sha256:19e73879b68f455e41552ea35293514db52ea292d993f571636dbffedb77a1ee" "/opt/rustwide/cargo-home/bin/cargo" "+9610dfe5a9a731ced1ea4923ecbd0c57fe367898" "metadata" "--no-deps" "--format-version=1", kill_on_drop: false }`
[INFO] [stdout] 2392624d37f3bb61fc568a8cb77e867344a83899770e1793084a5781f3bbcb6e
[INFO] running `Command { std: "docker" "start" "-a" "2392624d37f3bb61fc568a8cb77e867344a83899770e1793084a5781f3bbcb6e", kill_on_drop: false }`
[INFO] running `Command { std: "docker" "inspect" "2392624d37f3bb61fc568a8cb77e867344a83899770e1793084a5781f3bbcb6e", kill_on_drop: false }`
[INFO] running `Command { std: "docker" "rm" "-f" "2392624d37f3bb61fc568a8cb77e867344a83899770e1793084a5781f3bbcb6e", kill_on_drop: false }`
[INFO] [stdout] 2392624d37f3bb61fc568a8cb77e867344a83899770e1793084a5781f3bbcb6e
[INFO] running `Command { std: "docker" "create" "-v" "/var/lib/crater-agent-workspace/builds/worker-7-tc1/target:/opt/rustwide/target:rw,Z" "-v" "/var/lib/crater-agent-workspace/builds/worker-7-tc1/source:/opt/rustwide/workdir:ro,Z" "-v" "/var/lib/crater-agent-workspace/cargo-home:/opt/rustwide/cargo-home:ro,Z" "-v" "/var/lib/crater-agent-workspace/rustup-home:/opt/rustwide/rustup-home:ro,Z" "-e" "SOURCE_DIR=/opt/rustwide/workdir" "-e" "CARGO_TARGET_DIR=/opt/rustwide/target" "-e" "CARGO_INCREMENTAL=0" "-e" "RUST_BACKTRACE=full" "-e" "RUSTFLAGS=--cap-lints=forbid" "-e" "RUSTDOCFLAGS=--cap-lints=forbid" "-e" "CARGO_HOME=/opt/rustwide/cargo-home" "-e" "RUSTUP_HOME=/opt/rustwide/rustup-home" "-w" "/opt/rustwide/workdir" "-m" "1610612736" "--user" "0:0" "--network" "none" "ghcr.io/rust-lang/crates-build-env/linux@sha256:19e73879b68f455e41552ea35293514db52ea292d993f571636dbffedb77a1ee" "/opt/rustwide/cargo-home/bin/cargo" "+9610dfe5a9a731ced1ea4923ecbd0c57fe367898" "check" "--frozen" "--all" "--all-targets" "--message-format=json", kill_on_drop: false }`
[INFO] [stdout] 81ffeb5239b46897d6bfa3664c597cff49c91d67a57da012cb4276c827aff066
[INFO] running `Command { std: "docker" "start" "-a" "81ffeb5239b46897d6bfa3664c597cff49c91d67a57da012cb4276c827aff066", kill_on_drop: false }`
[INFO] [stderr]    Compiling libc v0.2.121
[INFO] [stderr]     Checking cfg-if v1.0.0
[INFO] [stderr]    Compiling autocfg v1.0.1
[INFO] [stderr]    Compiling log v0.4.14
[INFO] [stderr]    Compiling ppv-lite86 v0.2.10
[INFO] [stderr]    Compiling proc-macro2 v1.0.29
[INFO] [stderr]    Compiling unicode-xid v0.2.2
[INFO] [stderr]    Compiling siphasher v0.3.7
[INFO] [stderr]    Compiling version_check v0.9.4
[INFO] [stderr]     Checking lazy_static v1.4.0
[INFO] [stderr]    Compiling getrandom v0.1.16
[INFO] [stderr]    Compiling syn v1.0.76
[INFO] [stderr]    Compiling pkg-config v0.3.19
[INFO] [stderr]    Compiling memchr v2.5.0
[INFO] [stderr]    Compiling typenum v1.15.0
[INFO] [stderr]    Compiling generic-array v0.14.5
[INFO] [stderr]    Compiling phf_shared v0.10.0
[INFO] [stderr]    Compiling phf_shared v0.8.0
[INFO] [stderr]    Compiling jobserver v0.1.24
[INFO] [stderr]    Compiling quote v1.0.9
[INFO] [stderr]    Compiling getrandom v0.2.8
[INFO] [stderr]     Checking num_cpus v1.13.0
[INFO] [stderr]    Compiling cc v1.0.70
[INFO] [stderr]    Compiling rand_core v0.5.1
[INFO] [stderr]    Compiling rand_core v0.6.3
[INFO] [stderr]     Checking pin-project-lite v0.2.7
[INFO] [stderr]    Compiling rand_pcg v0.2.1
[INFO] [stderr]    Compiling rand_chacha v0.3.1
[INFO] [stderr]    Compiling rand_chacha v0.2.2
[INFO] [stderr]     Checking scopeguard v1.1.0
[INFO] [stderr]     Checking bytes v1.1.0
[INFO] [stderr]    Compiling serde v1.0.130
[INFO] [stderr]    Compiling rand v0.7.3
[INFO] [stderr]    Compiling rand v0.8.4
[INFO] [stderr]    Compiling openssl-src v111.16.0+1.1.1l
[INFO] [stderr]     Checking once_cell v1.17.1
[INFO] [stderr]    Compiling proc-macro-hack v0.5.19
[INFO] [stderr]     Checking bitflags v1.3.2
[INFO] [stderr]    Compiling futures-core v0.3.17
[INFO] [stderr]     Checking matches v0.1.10
[INFO] [stderr]     Checking itoa v0.4.8
[INFO] [stderr]    Compiling phf_generator v0.8.0
[INFO] [stderr]    Compiling crossbeam-utils v0.8.5
[INFO] [stderr]    Compiling openssl-sys v0.9.67
[INFO] [stderr]     Checking mio v0.7.13
[INFO] [stderr]    Compiling phf_generator v0.10.0
[INFO] [stderr]    Compiling memoffset v0.6.4
[INFO] [stderr]    Compiling futures-task v0.3.17
[INFO] [stderr]     Checking subtle v2.4.1
[INFO] [stderr]     Checking smallvec v1.10.0
[INFO] [stderr]     Checking tokio v1.15.0
[INFO] [stderr]    Compiling zstd-sys v1.6.3+zstd.1.5.2
[INFO] [stderr]     Checking crypto-common v0.1.3
[INFO] [stderr]     Checking block-buffer v0.10.2
[INFO] [stderr]    Compiling futures-util v0.3.17
[INFO] [stderr]    Compiling indexmap v1.7.0
[INFO] [stderr]    Compiling crossbeam-epoch v0.9.5
[INFO] [stderr]     Checking fnv v1.0.7
[INFO] [stderr]     Checking new_debug_unreachable v1.0.4
[INFO] [stderr]     Checking foreign-types-shared v0.1.1
[INFO] [stderr]    Compiling openssl v0.10.36
[INFO] [stderr]     Checking foreign-types v0.3.2
[INFO] [stderr]     Checking http v0.2.5
[INFO] [stderr]     Checking digest v0.10.3
[INFO] [stderr]    Compiling phf_codegen v0.10.0
[INFO] [stderr]    Compiling string_cache_codegen v0.5.1
[INFO] [stderr]     Checking tracing-core v0.1.20
[INFO] [stderr]    Compiling signal-hook v0.3.15
[INFO] [stderr]     Checking itoa v1.0.1
[INFO] [stderr]     Checking cpufeatures v0.2.2
[INFO] [stderr]     Checking futures-sink v0.3.17
[INFO] [stderr]     Checking tinyvec_macros v0.1.0
[INFO] [stderr]     Checking precomputed-hash v0.1.1
[INFO] [stderr]    Compiling futures-channel v0.3.17
[INFO] [stderr]    Compiling parking_lot_core v0.9.7
[INFO] [stderr]     Checking hashbrown v0.11.2
[INFO] [stderr]     Checking slab v0.4.4
[INFO] [stderr]    Compiling native-tls v0.2.8
[INFO] [stderr]     Checking pin-utils v0.1.0
[INFO] [stderr]     Checking mac v0.1.1
[INFO] [stderr]     Checking futures-io v0.3.17
[INFO] [stderr]    Compiling ryu v1.0.5
[INFO] [stderr]    Compiling httparse v1.5.1
[INFO] [stderr]     Checking futf v0.1.5
[INFO] [stderr]     Checking tokio-util v0.6.8
[INFO] [stderr]    Compiling markup5ever v0.11.0
[INFO] [stderr]     Checking tinyvec v1.4.0
[INFO] [stderr]     Checking tracing v0.1.28
[INFO] [stderr]    Compiling phf_codegen v0.8.0
[INFO] [stderr]    Compiling bzip2-sys v0.1.11+1.0.8
[INFO] [stderr]     Checking signal-hook-registry v1.4.0
[INFO] [stderr]    Compiling miniz_oxide v0.4.4
[INFO] [stderr]     Checking try-lock v0.2.3
[INFO] [stderr]     Checking utf-8 v0.7.6
[INFO] [stderr]     Checking unicode-width v0.1.9
[INFO] [stderr]    Compiling zstd-safe v4.1.4+zstd.1.5.2
[INFO] [stderr]     Checking dtoa v0.4.8
[INFO] [stderr]     Checking percent-encoding v2.1.0
[INFO] [stderr]    Compiling rayon-core v1.11.0
[INFO] [stderr]     Checking byteorder v1.4.3
[INFO] [stderr]    Compiling crc32fast v1.3.2
[INFO] [stderr]     Checking openssl-probe v0.1.4
[INFO] [stderr]     Checking unicode-normalization v0.1.19
[INFO] [stderr]     Checking form_urlencoded v1.0.1
[INFO] [stderr]     Checking dtoa-short v0.3.3
[INFO] [stderr]     Checking tendril v0.4.3
[INFO] [stderr]     Checking want v0.3.0
[INFO] [stderr]     Checking crossbeam-deque v0.8.1
[INFO] [stderr]    Compiling selectors v0.24.0
[INFO] [stderr]     Checking http-body v0.4.4
[INFO] [stderr]     Checking string_cache v0.8.1
[INFO] [stderr]     Checking crossbeam-channel v0.5.1
[INFO] [stderr]     Checking lock_api v0.4.6
[INFO] [stderr]     Checking aho-corasick v1.0.0
[INFO] [stderr]     Checking mio v0.8.6
[INFO] [stderr]     Checking socket2 v0.4.2
[INFO] [stderr]    Compiling ahash v0.8.3
[INFO] [stderr]     Checking h2 v0.3.7
[INFO] [stderr]    Compiling phf_macros v0.10.0
[INFO] [stderr]    Compiling cssparser v0.29.6
[INFO] [stderr]    Compiling html5ever v0.26.0
[INFO] [stderr]    Compiling cssparser-macros v0.6.0
[INFO] [stderr]    Compiling encoding_rs v0.8.28
[INFO] [stderr]     Checking adler v1.0.2
[INFO] [stderr]     Checking unicode-bidi v0.3.6
[INFO] [stderr]     Checking regex-syntax v0.7.0
[INFO] [stderr]     Checking httpdate v1.0.1
[INFO] [stderr]     Checking stable_deref_trait v1.2.0
[INFO] [stderr]    Compiling portable-atomic v1.3.2
[INFO] [stderr]     Checking phf v0.10.1
[INFO] [stderr]     Checking base64ct v1.0.1
[INFO] [stderr]     Checking tower-service v0.3.1
[INFO] [stderr]     Checking nodrop v0.1.14
[INFO] [stderr]    Compiling convert_case v0.4.0
[INFO] [stderr]     Checking servo_arc v0.2.0
[INFO] [stderr]     Checking password-hash v0.3.2
[INFO] [stderr]    Compiling derive_more v0.99.16
[INFO] [stderr]     Checking hyper v0.14.14
[INFO] [stderr]     Checking regex v1.8.0
[INFO] [stderr]     Checking idna v0.2.3
[INFO] [stderr]     Checking signal-hook-mio v0.2.3
[INFO] [stderr]     Checking parking_lot v0.12.1
[INFO] [stderr]     Checking fxhash v0.2.1
[INFO] [stderr]     Checking sha2 v0.10.2
[INFO] [stderr]     Checking hmac v0.12.1
[INFO] [stderr]     Checking phf v0.8.0
[INFO] [stderr]     Checking cipher v0.3.0
[INFO] [stderr]     Checking terminal_size v0.1.17
[INFO] [stderr]    Compiling num-traits v0.2.14
[INFO] [stderr]     Checking num_threads v0.1.5
[INFO] [stderr]    Compiling time-macros v0.2.3
[INFO] [stderr]     Checking either v1.6.1
[INFO] [stderr]     Checking opaque-debug v0.3.0
[INFO] [stderr]    Compiling serde_json v1.0.68
[INFO] [stderr]     Checking aes v0.7.5
[INFO] [stderr]     Checking rayon v1.7.0
[INFO] [stderr]     Checking pbkdf2 v0.10.1
[INFO] [stderr]     Checking console v0.15.0
[INFO] [stderr]     Checking crossterm v0.26.1
[INFO] [stderr]     Checking flate2 v1.0.22
[INFO] [stderr]     Checking url v2.2.2
[INFO] [stderr]     Checking time v0.3.7
[INFO] [stderr]     Checking serde_urlencoded v0.7.0
[INFO] [stderr]     Checking getopts v0.2.21
[INFO] [stderr]     Checking sha1 v0.10.1
[INFO] [stderr]     Checking base64 v0.13.0
[INFO] [stderr]     Checking constant_time_eq v0.1.5
[INFO] [stderr]     Checking ego-tree v0.6.2
[INFO] [stderr]     Checking number_prefix v0.4.0
[INFO] [stderr]     Checking unicode-segmentation v1.8.0
[INFO] [stderr]     Checking ipnet v2.3.1
[INFO] [stderr]     Checking mime v0.3.16
[INFO] [stderr]     Checking colour v0.7.0
[INFO] [stderr]     Checking yansi v0.5.1
[INFO] [stderr]     Checking indicatif v0.17.4
[INFO] [stderr]     Checking diff v0.1.12
[INFO] [stderr]     Checking pretty_assertions v1.3.0
[INFO] [stderr]     Checking scraper v0.16.0
[INFO] [stderr]     Checking assertor v0.0.1
[INFO] [stderr]     Checking bzip2 v0.4.3
[INFO] [stderr]     Checking zstd v0.10.0+zstd.1.5.2
[INFO] [stderr]     Checking zip v0.6.0
[INFO] [stderr]     Checking tokio-native-tls v0.3.0
[INFO] [stderr]     Checking hyper-tls v0.5.0
[INFO] [stderr]     Checking reqwest v0.11.6
[INFO] [stderr]     Checking beammp-server-beiwagen v0.1.0 (/opt/rustwide/workdir)
[INFO] [stdout] error: unexpected end of macro invocation
[INFO] [stdout]    --> src/local_resource.rs:20:38
[INFO] [stdout]     |
[INFO] [stdout] 20  |             json_string.unwrap_err(),
[INFO] [stdout]     |                                      ^ missing tokens in macro arguments
[INFO] [stdout]     |
[INFO] [stdout] note: while trying to match meta-variable `$args:expr`
[INFO] [stdout]    --> /opt/rustwide/cargo-home/registry/src/index.crates.io-6f17d22bba15001f/colour-0.7.0/src/lib.rs:100:1
[INFO] [stdout]     |
[INFO] [stdout] 100 | make_macro!($ red_ln, true, Red, stdout);
[INFO] [stdout]     | ^^^^^^^^^^^^^^^^^^^^^^^^^^^^^^^^^^^^^^^^
[INFO] [stdout]     = note: this error originates in the macro `make_macro` (in Nightly builds, run with -Z macro-backtrace for more info)
[INFO] [stdout] 
[INFO] [stdout] 
[INFO] [stdout] error: unexpected end of macro invocation
[INFO] [stdout]    --> src/local_resource.rs:20:38
[INFO] [stdout]     |
[INFO] [stdout] 20  |             json_string.unwrap_err(),
[INFO] [stdout]     |                                      ^ missing tokens in macro arguments
[INFO] [stdout]     |
[INFO] [stdout] note: while trying to match meta-variable `$args:expr`
[INFO] [stdout]    --> /opt/rustwide/cargo-home/registry/src/index.crates.io-6f17d22bba15001f/colour-0.7.0/src/lib.rs:100:1
[INFO] [stdout]     |
[INFO] [stdout] 100 | make_macro!($ red_ln, true, Red, stdout);
[INFO] [stdout]     | ^^^^^^^^^^^^^^^^^^^^^^^^^^^^^^^^^^^^^^^^
[INFO] [stdout]     = note: this error originates in the macro `make_macro` (in Nightly builds, run with -Z macro-backtrace for more info)
[INFO] [stdout] 
[INFO] [stdout] 
[INFO] [stdout] error[E0599]: no method named `progress_chars` found for enum `Result` in the current scope
[INFO] [stdout]    --> src/file_manager.rs:90:18
[INFO] [stdout]     |
[INFO] [stdout] 88  |               .with_style(ProgressStyle::default_bar()
[INFO] [stdout]     |  _________________________-
[INFO] [stdout] 89  | |                 .template("[{bar:.cyan/blue}] {bytes}/{total_bytes} @ {bytes_per_sec} {eta} {msg:.cyan}")
[INFO] [stdout] 90  | |                 .progress_chars("##-"))
[INFO] [stdout]     | |                 -^^^^^^^^^^^^^^ method not found in `Result<ProgressStyle, TemplateError>`
[INFO] [stdout]     | |_________________|
[INFO] [stdout]     | 
[INFO] [stdout]     |
[INFO] [stdout] note: the method `progress_chars` exists on the type `ProgressStyle`
[INFO] [stdout]    --> /opt/rustwide/cargo-home/registry/src/index.crates.io-6f17d22bba15001f/indicatif-0.17.4/src/style.rs:140:5
[INFO] [stdout]     |
[INFO] [stdout] 140 |     pub fn progress_chars(mut self, s: &str) -> Self {
[INFO] [stdout]     |     ^^^^^^^^^^^^^^^^^^^^^^^^^^^^^^^^^^^^^^^^^^^^^^^^
[INFO] [stdout] help: consider using `Result::expect` to unwrap the `ProgressStyle` value, panicking if the value is a `Result::Err`
[INFO] [stdout]     |
[INFO] [stdout] 89  |                 .template("[{bar:.cyan/blue}] {bytes}/{total_bytes} @ {bytes_per_sec} {eta} {msg:.cyan}").expect("REASON")
[INFO] [stdout]     |                                                                                                          +++++++++++++++++
[INFO] [stdout] 
[INFO] [stdout] 
[INFO] [stdout] error[E0308]: mismatched types
[INFO] [stdout]   --> src/main.rs:51:13
[INFO] [stdout]    |
[INFO] [stdout] 50 |           .with_style(
[INFO] [stdout]    |            ---------- arguments to this method are incorrect
[INFO] [stdout] 51 | /             ProgressStyle::default_bar()
[INFO] [stdout] 52 | |                 .template("{msg} {pos}/{len}")
[INFO] [stdout]    | |______________________________________________^ expected `ProgressStyle`, found `Result<ProgressStyle, ...>`
[INFO] [stdout]    |
[INFO] [stdout]    = note: expected struct `ProgressStyle`
[INFO] [stdout]                 found enum `Result<ProgressStyle, TemplateError>`
[INFO] [stdout] note: method defined here
[INFO] [stdout]   --> /opt/rustwide/cargo-home/registry/src/index.crates.io-6f17d22bba15001f/indicatif-0.17.4/src/progress_bar.rs:71:12
[INFO] [stdout]    |
[INFO] [stdout] 71 |     pub fn with_style(self, style: ProgressStyle) -> Self {
[INFO] [stdout]    |            ^^^^^^^^^^
[INFO] [stdout] 
[INFO] [stdout] 
[INFO] [stdout] error[E0599]: no method named `progress_chars` found for enum `Result` in the current scope
[INFO] [stdout]    --> src/file_manager.rs:90:18
[INFO] [stdout]     |
[INFO] [stdout] 88  |               .with_style(ProgressStyle::default_bar()
[INFO] [stdout]     |  _________________________-
[INFO] [stdout] 89  | |                 .template("[{bar:.cyan/blue}] {bytes}/{total_bytes} @ {bytes_per_sec} {eta} {msg:.cyan}")
[INFO] [stdout] 90  | |                 .progress_chars("##-"))
[INFO] [stdout]     | |                 -^^^^^^^^^^^^^^ method not found in `Result<ProgressStyle, TemplateError>`
[INFO] [stdout]     | |_________________|
[INFO] [stdout]     | 
[INFO] [stdout]     |
[INFO] [stdout] note: the method `progress_chars` exists on the type `ProgressStyle`
[INFO] [stdout]    --> /opt/rustwide/cargo-home/registry/src/index.crates.io-6f17d22bba15001f/indicatif-0.17.4/src/style.rs:140:5
[INFO] [stdout]     |
[INFO] [stdout] 140 |     pub fn progress_chars(mut self, s: &str) -> Self {
[INFO] [stdout]     |     ^^^^^^^^^^^^^^^^^^^^^^^^^^^^^^^^^^^^^^^^^^^^^^^^
[INFO] [stdout] help: consider using `Result::expect` to unwrap the `ProgressStyle` value, panicking if the value is a `Result::Err`
[INFO] [stdout]     |
[INFO] [stdout] 89  |                 .template("[{bar:.cyan/blue}] {bytes}/{total_bytes} @ {bytes_per_sec} {eta} {msg:.cyan}").expect("REASON")
[INFO] [stdout]     |                                                                                                          +++++++++++++++++
[INFO] [stdout] 
[INFO] [stdout] 
[INFO] [stdout] error: aborting due to 3 previous errors
[INFO] [stdout] 
[INFO] [stdout] 
[INFO] [stdout] Some errors have detailed explanations: E0308, E0599.
[INFO] [stdout] 
[INFO] [stdout] For more information about an error, try `rustc --explain E0308`.
[INFO] [stdout] 
[INFO] [stderr] error: could not compile `beammp-server-beiwagen` (bin "beammp-server-beiwagen") due to 4 previous errors
[INFO] [stderr] warning: build failed, waiting for other jobs to finish...
[INFO] [stdout] error[E0308]: mismatched types
[INFO] [stdout]   --> src/main.rs:51:13
[INFO] [stdout]    |
[INFO] [stdout] 50 |           .with_style(
[INFO] [stdout]    |            ---------- arguments to this method are incorrect
[INFO] [stdout] 51 | /             ProgressStyle::default_bar()
[INFO] [stdout] 52 | |                 .template("{msg} {pos}/{len}")
[INFO] [stdout]    | |______________________________________________^ expected `ProgressStyle`, found `Result<ProgressStyle, ...>`
[INFO] [stdout]    |
[INFO] [stdout]    = note: expected struct `ProgressStyle`
[INFO] [stdout]                 found enum `Result<ProgressStyle, TemplateError>`
[INFO] [stdout] note: method defined here
[INFO] [stdout]   --> /opt/rustwide/cargo-home/registry/src/index.crates.io-6f17d22bba15001f/indicatif-0.17.4/src/progress_bar.rs:71:12
[INFO] [stdout]    |
[INFO] [stdout] 71 |     pub fn with_style(self, style: ProgressStyle) -> Self {
[INFO] [stdout]    |            ^^^^^^^^^^
[INFO] [stdout] 
[INFO] [stdout] 
[INFO] [stdout] error: aborting due to 3 previous errors
[INFO] [stdout] 
[INFO] [stdout] 
[INFO] [stdout] Some errors have detailed explanations: E0308, E0599.
[INFO] [stdout] 
[INFO] [stdout] For more information about an error, try `rustc --explain E0308`.
[INFO] [stdout] 
[INFO] [stderr] error: could not compile `beammp-server-beiwagen` (bin "beammp-server-beiwagen" test) due to 4 previous errors
[INFO] running `Command { std: "docker" "inspect" "81ffeb5239b46897d6bfa3664c597cff49c91d67a57da012cb4276c827aff066", kill_on_drop: false }`
[INFO] running `Command { std: "docker" "rm" "-f" "81ffeb5239b46897d6bfa3664c597cff49c91d67a57da012cb4276c827aff066", kill_on_drop: false }`
[INFO] [stdout] 81ffeb5239b46897d6bfa3664c597cff49c91d67a57da012cb4276c827aff066
